to base 8
53341
-118b (base 12) to base 4
-132323
Convert -327 (base 12) to base 11.
-391
-101155 (base 9) to base 15
-12b3e
What is -16502 (base 8) in base 11?
-569a
-25c8 (base 15) to base 12
-47bb
Convert -103032 (base 4) to base 15.
-570
What is 1c73 (base 13) in base 9?
5828
-999 (base 12) to base 14
-72d
What is -51164 (base 7) in base 2?
-11000010011011
-1b3 (base 14) to base 3
-111002
Convert 377 (base 8) to base 11.
212
What is -4098 (base 11) in base 16?
-1537
What is -993 (base 10) in base 2?
-1111100001
Convert -603 (base 9) to base 14.
-26d
Convert -37054 (base 8) to base 10.
-15916
What is 11111001100 (base 2) in base 16?
7cc
What is 14bc (base 16) in base 14?
1d12
Convert 624 (base 8) to base 6.
1512
Convert 210313 (base 6) to base 14.
627b
What is 2263 (base 8) in base 15?
553
-7397 (base 11) to base 12
-57b6
Convert 296 (base 15) to base 7.
1503
-14313 (base 9) to base 11
-7348
What is 10100010001100010 (base 2) in base 15?
19912
Convert 7f2 (base 16) to base 5.
31114
13 (base 13) to base 2
10000
51ba (base 16) to base 15
62ec
Convert 1504 (base 6) to base 7.
1111
Convert -32707 (base 8) to base 10.
-13767
-1625 (base 8) to base 2
-1110010101
What is -23b (base 12) in base 5?
-2320
Convert 622 (base 12) to base 8.
1572
What is 208b (base 14) in base 7?
22234
Convert 881 (base 9) to base 12.
501
What is 200010 (base 5) in base 14?
23cb
What is 910 (base 11) in base 14?
588
What is 224 (base 13) in base 4?
11300
What is 41064 (base 7) in base 2?
10011100001001
-3134320 (base 5) to base 12
-26438
What is -334325 (base 6) in base 2?
-110111000101101
-31600 (base 8) to base 11
-99a6
1886 (base 9) to base 16
5af
Convert 21b (base 13) to base 15.
192
-29a (base 12) to base 4
-12112
-5773 (base 9) to base 8
-10266
Convert 2002 (base 4) to base 3.
11211
What is 102102021 (base 3) in base 12?
4997
-367 (base 9) to base 10
-304
Convert 14472 (base 8) to base 2.
1100100111010
What is -1101001110110 (base 2) in base 15?
-2019
Convert 40a3 (base 15) to base 11.
a292
Convert -664 (base 11) to base 14.
-40c
Convert -435 (base 6) to base 10.
-167
43044 (base 5) to base 10
2899
What is 20201132 (base 4) in base 14?
ca18
-211 (base 10) to base 14
-111
Convert -1132 (base 5) to base 10.
-167
Convert -2022101 (base 3) to base 4.
-122110
eb (base 16) to base 8
353
What is 212211202 (base 3) in base 9?
25752
Convert -33a8 (base 11) to base 13.
-2062
Convert 43520 (base 7) to base 8.
25214
Convert -15283 (base 11) to base 5.
-1143004
4523 (base 14) to base 9
17388
Convert -4500 (base 12) to base 13.
-3621
What is -5646 (base 7) in base 16?
-7fb
10101001110 (base 2) to base 12
952
Convert -1372 (base 13) to base 15.
-c67
Convert 120123 (base 4) to base 2.
11000011011
What is 2611 (base 7) in base 8?
1734
What is -10001011010010 (base 2) in base 16?
-22d2
Convert c41c (base 16) to base 14.
14420
Convert -8221 (base 9) to base 8.
-13575
What is 101004 (base 5) in base 9?
4415
Convert 17062 (base 8) to base 2.
1111000110010
Convert 101011101100101 (base 2) to base 3.
1010200122
2322 (base 6) to base 13
338
Convert 1d5 (base 14) to base 8.
577
Convert -553 (base 14) to base 15.
-4a3
10010 (base 3) to base 5
314
Convert -1135 (base 6) to base 14.
-159
Convert -836 (base 15) to base 5.
-24401
What is -2c88 (base 14) in base 3?
-101220211
Convert 6247 (base 9) to base 11.
3493
-14005 (base 7) to base 4
-323002
What is -111112 (base 3) in base 16?
-16d
-21002201 (base 3) to base 2
-1010000111000
What is -1a73 (base 12) in base 14?
-1287
1427 (base 8) to base 3
1002022
-116 (base 16) to base 10
-278
What is 24241 (base 5) in base 4?
130131
Convert 5345 (base 6) to base 15.
562
-43834 (base 9) to base 5
-1412420
What is 32212 (base 5) in base 6?
14034
Convert -2121230 (base 4) to base 10.
-9836
425 (base 9) to base 11
296
Convert 401466 (base 7) to base 13.
24b37
What is ab26 (base 12) in base 2?
100100111001110
Convert 111212 (base 3) to base 4.
11312
What is -a30 (base 11) in base 10?
-1243
-2211 (base 4) to base 16
-a5
Convert -10110 (base 4) to base 3.
-101020
What is -122210 (base 3) in base 16?
-1e0
Convert -113111 (base 5) to base 10.
-4156
What is -8cb (base 13) in base 6?
-11011
130150 (base 6) to base 7
46125
Convert 757 (base 9) to base 10.
619
Convert -103423 (base 6) to base 13.
-3ba3
Convert 375 (base 10) to base 5.
3000
11201000 (base 3) to base 2
110101100101
-11444 (base 5) to base 4
-31222
Convert 4574 (base 8) to base 3.
10022221
-11102 (base 6) to base 8
-3016
Convert 1557 (base 8) to base 15.
3d9
1002001 (base 3) to base 7
2200
Convert -744 (base 10) to base 12.
-520
What is -33e (base 15) in base 16?
-2de
Convert 49015 (base 10) to base 16.
bf77
Convert 128a (base 14) to base 8.
6272
-6526 (base 7) to base 4
-210103
What is -20023 (base 11) in base 5?
-1414212
Convert -14242 (base 6) to base 12.
-1382
Convert 434 (base 5) to base 14.
87
2e35 (base 16) to base 7
46326
Convert -337 (base 12) to base 6.
-2111
149 (base 10) to base 5
1044
Convert 185 (base 9) to base 10.
158
Convert 11380 (base 9) to base 13.
3600
-886 (base 10) to base 16
-376
What is 3062 (base 10) in base 4?
233312
-1313 (base 7) to base 6
-2152
Convert a55 (base 16) to base 2.
101001010101
What is -5648 (base 12) in base 11?
-7201
-488 (base 15) to base 3
-1102002
Convert 2377 (base 8) to base 11.
a63
Convert -310123 (base 4) to base 5.
-101410
-10142 (base 5) to base 3
-220220
Convert 3101 (base 4) to base 8.
321
4073 (base 10) to base 7
14606
-60a (base 14) to base 7
-3313
Convert 88c (base 13) to base 8.
2674
What is -2031341 (base 5) in base 15?
-9d31
Convert -100110110110100 (base 2) to base 4.
-10312310
Convert -101210 (base 3) to base 14.
-16b
-12102022 (base 4) to base 7
-135016
What is -182 (base 11) in base 3?
-21211
Convert -3b35 (base 12) to base 10.
-6809
Convert -1081 (base 13) to base 3.
-10011021
680 (base 10) to base 14
368
1334 (base 6) to base 8
532
1ff (base 16) to base 2
111111111
Convert 3089 (base 11) to base 14.
16c2
What is -3012233 (base 4) in base 5?
-401334
Convert 21110111 (base 3) to base 9.
7414
What is 64146 (base 8) in base 10?
26726
Convert -1d7 (base 14) to base 3.
-112021
a87 (base 13) to base 9
2421
Convert -3476 (base 11) to base 5.
-121220
What is 10001110101100111 (base 2) in base 5?
4314223
Convert -1125 (base 10) to base 12.
-799
What is -1854 (base 14) in base 7?
-15534
What is -113204 (base 5) in base 14?
-1747
What is -21242 (base 5) in base 12?
-a07
Convert 527 (base 15) to base 14.
5d0
30141 (base 5) to base 15
881
Convert 203003 (base 4) to base 11.
175a
44b6 (base 12) to base 4
1313022
What is -66b (base 16) in base 9?
-2225
What is -24533 (base 8) in base 4?
-2211123
What is -6266 (base 7) in base 12?
-1338
What is -13010 (base 4) in base 9?
-552
-4247 (base 12) to base 5
-213010
Convert 60223 (base 7) to base 4.
3202321
What is 3261 (base 11) in base 4?
1003032
Convert -122022 (base 3) to base 7.
-1235
What is -11464 (base 8) in base 2?
-1001100110100
Convert -1320552 (base 6) to base 15.
-16878
-439a (base 12) to base 5
-214322
-477 (base 9) to base 8
-612
Convert 21d (base 16) to base 12.
391
1131111 (base 6) to base 11
40014
Convert -1022220 (base 3) to base 2.
-1111001001
80524 (base 10) to base 2
10011101010001100
Convert 20210 (base 3) to base 14.
d1
2302231 (base 4) to base 9
16617
-100000110 (base 2) to base 16
-106
38431 (base 9) to base 16
650b
-10331 (base 5) to base 3
-222112
What is 326d (base 14) in base 13?
3c7b
Convert -1101110000101 (base 2) to base 15.
-214a
563c (base 15) to base 13
8424
What is 12203211 (base 4) in base 3?
1100211120
-2344 (base 6) to base 9
-701
938 (base 11) to base 13
68c
90e (base 15) to base 10
2039
-1101010111101 (base 2) to base 10
-6845
-3c5 (base 16) to base 12
-685
What is 2c53 (base 13) in base 7?
24631
Convert -3031 (base 4) to base 16.
-cd
12121 (base 5) to base 6
4115
What is -1346 (base 7) in base 8?
-1014
Convert b3 (base 14) to base 15.
a7
What is -1243 (base 5) in base 16?
-c6
2359 (base 10) to base 8
4467
What is -130aa (base 12) in base 13?
-bb1b
Convert 1015 (base 8) to base 15.
250
370 (base 14) to base 16
2ae
220200 (base 3) to base 5
10131
What is -1433 (base 6) in base 11?
-317
What is -10551 (base 8) in base 9?
-6102
What is 1101000011 (base 2) in base 12?